{"id":24452,"date":"2018-11-26T14:27:36","date_gmt":"2018-11-26T11:27:36","guid":{"rendered":"https:\/\/codex-themes.com\/thegem\/business-multipurpose\/?page_id=24452"},"modified":"2025-04-07T15:37:05","modified_gmt":"2025-04-07T12:37:05","slug":"projelerimiz","status":"publish","type":"page","link":"https:\/\/www.birlikis.com\/index.php\/projects-page\/projelerimiz\/","title":{"rendered":"Projelerimiz"},"content":{"rendered":"<div class=\"wpb-content-wrapper\"><p>[vc_row][vc_column]<div class=\"clearboth\"><\/div><style>#thegem-divider-69ddb493cb44c {margin-top: 110px !important;}<\/style><div id=\"thegem-divider-69ddb493cb44c\" class=\"gem-divider  \" style=\"\" ><\/div><style>.portfolio.portfolio-grid#style-212bb03 .portfolio-item:not(.size-item), .preloader#style-preloader-212bb03 .portfolio-item { padding: calc(42px\/2) !important; }.portfolio.portfolio-grid#style-212bb03 .portfolio-item.size-item { padding: 0 calc(42px\/2) !important; }.portfolio.portfolio-grid#style-212bb03 .portfolio-row, .preloader#style-preloader-212bb03 .skeleton-posts.portfolio-row { margin: calc(-42px\/2); }.portfolio.portfolio-grid#style-212bb03.fullwidth-columns .portfolio-row { margin: calc(-42px\/2) 0; }.portfolio.portfolio-grid#style-212bb03 .fullwidth-block:not(.no-paddings) { padding-left: 42px; padding-right: 42px; }.portfolio.portfolio-grid#style-212bb03 .fullwidth-block .portfolio-row { padding-left: calc(42px\/2); padding-right: calc(42px\/2); }.portfolio.portfolio-grid#style-212bb03 .fullwidth-block .portfolio-top-panel { padding-left: 42px; padding-right: 42px; }.portfolio.portfolio-grid#style-212bb03.fullwidth-columns .with-filter-sidebar .filter-sidebar { padding-left: 42px; }.portfolio.portfolio-grid#style-212bb03 .portfolio-item .caption { background-color: #f0f3f2 !important; }.portfolio.portfolio-grid#style-212bb03 .portfolio-item .caption .title span { letter-spacing: px !important; }.portfolio.portfolio-grid#style-212bb03 .portfolio-item .caption .title { color: #3c3950 !important; }<\/style><style><\/style><div id=\"style-preloader-212bb03\" class=\"preloader save-space\"><div class=\"preloader-spin\"><\/div><\/div> <div class=\"portfolio-preloader-wrapper panel-sidebar-position-left\"> <div class=\"portfolio portfolio-grid extended-portfolio-grid no-padding portfolio-pagination-more portfolio-style-masonry background-style-white title-style-light hover-default title-on-page hover-elements-size-default version-default caption-position-page loading-animation item-animation-move-up portfolio-items-masonry columns-3 columns-tablet-1 columns-mobile-1 next-page-preloading \" id=\"style-212bb03\" data-style-uid=\"212bb03\" data-portfolio-uid=\"grid_ac154ac\" data-current-page=\"1\" data-per-page=\"6\" data-next-page=\"2\" data-pages-count=\"6\" data-hover=\"default\" data-portfolio-filter=\"[]\" data-portfolio-filter-attributes=\"null\" data-portfolio-filter-search=\"\"> <div class=\"portfolio-row-outer \"> <div class=\"portfolio-top-panel filter-type-default\"> <div class=\"portfolio-top-panel-row filter-style-buttons\"> <div class=\"portfolio-top-panel-left single\" > <div class=\"portfolio-filters filter-by-thegem_portfolios\"> <a href=\"#\" data-filter=\"*\" class=\"active all title-h6 hover-pointer\"> <span class=\"light\"> All <\/span> <\/a> <a href=\"#\" data-filter=\".projelerimiz\" class=\" title-h6 hover-pointer\"> <span class=\"light\"> Projelerimiz <\/span> <\/a> <\/div> <div class=\"portfolio-filters-resp single\"> <button class=\"menu-toggle dl-trigger\">Portfolio filters<span class=\"menu-line-1\"><\/span><span class=\"menu-line-2\"><\/span><span class=\"menu-line-3\"><\/span><\/button> <ul class=\"dl-menu\"> <li> <a href=\"#\" data-filter=\"*\"> All <\/a> <\/li> <li> <a href=\"#\" data-filter=\".projelerimiz\"> Projelerimiz <\/a> <\/li> <\/ul> <\/div> <\/div> <div class=\"portfolio-top-panel-right\"> <div class=\"portfolio-sorting title-h6\"> <div class=\"orderby light\"> <label for=\"\" data-value=\"date\">Tarih<\/label> <a href=\"javascript:void(0);\" class=\"sorting-switcher\" data-current=\"date\"><\/a> <label for=\"\" data-value=\"name\">\u0130sim<\/label> <\/div> <div class=\"portfolio-sorting-sep\"><\/div> <div class=\"order light\"> <label for=\"\" data-value=\"DESC\">Desc<\/label> <a href=\"javascript:void(0);\" class=\"sorting-switcher\" data-current=\"DESC\"><\/a> <label for=\"\" data-value=\"ASC\">Asc<\/label> <\/div> <\/div> <\/div> <\/div> <\/div> <div class=\"portfolio-top-panel selected-only\"> <div class=\"portfolio-filter-item portfolio-selected-filters left\"> <div class=\"portfolio-selected-filter-item clear-filters\"> Clear Filters\t<\/div> <\/div> <\/div> <div class=\"row portfolio-row\"> <div class=\"portfolio-set clearfix\" data-max-row-height=\"380\"> <div class=\"portfolio-item projelerimiz col-xs-12 col-sm-12 col-md-4 item-animations-not-inited portfolio-item-template appearance-type-featured_image post-25160 thegem_pf_item type-thegem_pf_item status-publish has-post-thumbnail\" data-default-sort=\"0\" data-sort-date=\"1740153531\"> <div class=\"wrap clearfix\"> <div class=\"image post-25160 thegem_pf_item type-thegem_pf_item status-publish has-post-thumbnail\"> <div class=\"image-inner \"> <picture> <img src=\"https:\/\/www.birlikis.com\/wp-content\/uploads\/2025\/02\/478057428_122156112692348999_5965852104726826577_n-thegem-portfolio-masonry.jpg\" width=\"754\" height=\"754\" class=\"attachment-thegem-portfolio-masonry\" alt=\"ZEYT\u0130N DALI S\u0130TES\u0130\" \/> <\/picture> <\/div> <div class=\"overlay click-disabled\"> <div class=\"overlay-circle\"><\/div> <div class=\"links-wrapper\"> <div class=\"links\"> <\/div> <\/div> <\/div> <\/div> <div class=\"caption click-disabled post-25160 thegem_pf_item type-thegem_pf_item status-publish has-post-thumbnail\"> <div class=\"title\"> <span class=\" \"> ZEYT\u0130N DALI S\u0130TES\u0130 <\/span> <\/div> <div class=\"caption-separator\"><\/div> <div class=\"subtitle\"> <span class=\"\"><p>56 daire projesi tamamlanm\u0131\u015ft\u0131r.<\/p>\n<\/span> <\/div> <\/div> <\/div> <\/div> <div class=\"portfolio-item projelerimiz col-xs-12 col-sm-12 col-md-4 item-animations-not-inited portfolio-item-template appearance-type-featured_image post-25158 thegem_pf_item type-thegem_pf_item status-publish has-post-thumbnail\" data-default-sort=\"0\" data-sort-date=\"1740151845\"> <div class=\"wrap clearfix\"> <div class=\"image post-25158 thegem_pf_item type-thegem_pf_item status-publish has-post-thumbnail\"> <div class=\"image-inner \"> <picture> <img src=\"https:\/\/www.birlikis.com\/wp-content\/uploads\/2025\/02\/477979716_122156323028348999_3943903959076777800_n-thegem-portfolio-masonry.jpg\" width=\"754\" height=\"754\" class=\"attachment-thegem-portfolio-masonry\" alt=\"\u00c7AKIR GLOBAL PANAROMA\" \/> <\/picture> <\/div> <div class=\"overlay click-disabled\"> <div class=\"overlay-circle\"><\/div> <div class=\"links-wrapper\"> <div class=\"links\"> <\/div> <\/div> <\/div> <\/div> <div class=\"caption click-disabled post-25158 thegem_pf_item type-thegem_pf_item status-publish has-post-thumbnail\"> <div class=\"title\"> <span class=\" \"> \u00c7AKIR GLOBAL PANAROMA <\/span> <\/div> <div class=\"caption-separator\"><\/div> <div class=\"subtitle\"> <span class=\"\"><p>128 dairelik projemiz tamamlanm\u0131\u015ft\u0131r.<\/p>\n<\/span> <\/div> <\/div> <\/div> <\/div> <div class=\"portfolio-item projelerimiz col-xs-12 col-sm-12 col-md-4 item-animations-not-inited portfolio-item-template appearance-type-featured_image post-25156 thegem_pf_item type-thegem_pf_item status-publish has-post-thumbnail\" data-default-sort=\"0\" data-sort-date=\"1740151656\"> <div class=\"wrap clearfix\"> <div class=\"image post-25156 thegem_pf_item type-thegem_pf_item status-publish has-post-thumbnail\"> <div class=\"image-inner \"> <picture> <img src=\"https:\/\/www.birlikis.com\/wp-content\/uploads\/2025\/02\/477600539_122156003270348999_2175255892189354162_n-thegem-portfolio-masonry.jpg\" width=\"754\" height=\"754\" class=\"attachment-thegem-portfolio-masonry\" alt=\"TEHTAP \u0130N\u015eAAT\" \/> <\/picture> <\/div> <div class=\"overlay click-disabled\"> <div class=\"overlay-circle\"><\/div> <div class=\"links-wrapper\"> <div class=\"links\"> <\/div> <\/div> <\/div> <\/div> <div class=\"caption click-disabled post-25156 thegem_pf_item type-thegem_pf_item status-publish has-post-thumbnail\"> <div class=\"title\"> <span class=\" \"> TEHTAP \u0130N\u015eAAT <\/span> <\/div> <div class=\"caption-separator\"><\/div> <div class=\"subtitle\"> <span class=\"\"><p>60 daire projemiz tamamlanm\u0131\u015f\u0131r.<\/p>\n<\/span> <\/div> <\/div> <\/div> <\/div> <div class=\"portfolio-item projelerimiz col-xs-12 col-sm-12 col-md-4 item-animations-not-inited portfolio-item-template appearance-type-featured_image post-25154 thegem_pf_item type-thegem_pf_item status-publish has-post-thumbnail\" data-default-sort=\"0\" data-sort-date=\"1740151460\"> <div class=\"wrap clearfix\"> <div class=\"image post-25154 thegem_pf_item type-thegem_pf_item status-publish has-post-thumbnail\"> <div class=\"image-inner \"> <picture> <img src=\"https:\/\/www.birlikis.com\/wp-content\/uploads\/2025\/02\/477439141_122156249894348999_8447668040805554730_n-thegem-portfolio-masonry.jpg\" width=\"754\" height=\"754\" class=\"attachment-thegem-portfolio-masonry\" alt=\"YA\u015eAM M\u0130MARLIK\" \/> <\/picture> <\/div> <div class=\"overlay click-disabled\"> <div class=\"overlay-circle\"><\/div> <div class=\"links-wrapper\"> <div class=\"links\"> <\/div> <\/div> <\/div> <\/div> <div class=\"caption click-disabled post-25154 thegem_pf_item type-thegem_pf_item status-publish has-post-thumbnail\"> <div class=\"title\"> <span class=\" \"> YA\u015eAM M\u0130MARLIK <\/span> <\/div> <div class=\"caption-separator\"><\/div> <div class=\"subtitle\"> <span class=\"\"><p>28 daire projemiz tamamlanm\u0131\u015ft\u0131r.<\/p>\n<\/span> <\/div> <\/div> <\/div> <\/div> <div class=\"portfolio-item projelerimiz col-xs-12 col-sm-12 col-md-4 item-animations-not-inited portfolio-item-template appearance-type-featured_image post-25152 thegem_pf_item type-thegem_pf_item status-publish has-post-thumbnail\" data-default-sort=\"0\" data-sort-date=\"1740150878\"> <div class=\"wrap clearfix\"> <div class=\"image post-25152 thegem_pf_item type-thegem_pf_item status-publish has-post-thumbnail\"> <div class=\"image-inner \"> <picture> <img src=\"https:\/\/www.birlikis.com\/wp-content\/uploads\/2025\/02\/477179096_122156145998348999_3063496547030297137_n-thegem-portfolio-masonry.jpg\" width=\"754\" height=\"754\" class=\"attachment-thegem-portfolio-masonry\" alt=\"ONUR GEZ CITY\" \/> <\/picture> <\/div> <div class=\"overlay click-disabled\"> <div class=\"overlay-circle\"><\/div> <div class=\"links-wrapper\"> <div class=\"links\"> <\/div> <\/div> <\/div> <\/div> <div class=\"caption click-disabled post-25152 thegem_pf_item type-thegem_pf_item status-publish has-post-thumbnail\"> <div class=\"title\"> <span class=\" \"> ONUR GEZ CITY <\/span> <\/div> <div class=\"caption-separator\"><\/div> <div class=\"subtitle\"> <span class=\"\"><p>48 daire projemiz tamamlanm\u0131\u015ft\u0131r.<\/p>\n<\/span> <\/div> <\/div> <\/div> <\/div> <div class=\"portfolio-item projelerimiz col-xs-12 col-sm-12 col-md-4 item-animations-not-inited portfolio-item-template appearance-type-featured_image post-25150 thegem_pf_item type-thegem_pf_item status-publish has-post-thumbnail\" data-default-sort=\"0\" data-sort-date=\"1740150817\"> <div class=\"wrap clearfix\"> <div class=\"image post-25150 thegem_pf_item type-thegem_pf_item status-publish has-post-thumbnail\"> <div class=\"image-inner \"> <picture> <img src=\"https:\/\/www.birlikis.com\/wp-content\/uploads\/2025\/02\/476963479_122156338820348999_1904109629908916543_n-thegem-portfolio-masonry.jpg\" width=\"754\" height=\"754\" class=\"attachment-thegem-portfolio-masonry\" alt=\"AKDA\u011eLAR \u0130N\u015eAAT\" \/> <\/picture> <\/div> <div class=\"overlay click-disabled\"> <div class=\"overlay-circle\"><\/div> <div class=\"links-wrapper\"> <div class=\"links\"> <\/div> <\/div> <\/div> <\/div> <div class=\"caption click-disabled post-25150 thegem_pf_item type-thegem_pf_item status-publish has-post-thumbnail\"> <div class=\"title\"> <span class=\" \"> AKDA\u011eLAR \u0130N\u015eAAT <\/span> <\/div> <div class=\"caption-separator\"><\/div> <div class=\"subtitle\"> <span class=\"\"><p>85+64 daire projemiz tamamlanm\u0131\u015ft\u0131r.<\/p>\n<\/span> <\/div> <\/div> <\/div> <\/div> <\/div><!-- .portflio-set --> <div class=\"portfolio-item-size-container\"> <div class=\"portfolio-item col-xs-12 col-sm-12 col-md-4 item-animations-not-inited portfolio-item-template appearance-type-featured_image post-25150 thegem_pf_item type-thegem_pf_item status-publish has-post-thumbnail\"> <\/div> <\/div> <\/div><!-- .row--> <div class=\"portfolio-load-more\"> <div class=\"inner\"> <div class=\"gem-button-container gem-button-position-center thegem-button-69ddb493cf3831466 gem-button-with-separator\" ><div class=\"gem-button-separator gem-button-separator-type-load-more\"><div class=\"gem-button-separator-holder\"><div class=\"gem-button-separator-line\" style=\"border-color: #dfe5e8;\"><\/div><\/div><div class=\"gem-button-separator-button\"><button class=\"gem-button gem-button-size-medium gem-button-style-flat gem-button-text-weight-normal\" data-ll-effect=\"drop-right-without-wrap\" style=\"border-radius: 25px;background-color: #00bcd5;\" onmouseleave=\"this.style.backgroundColor='#00bcd5';\" onmouseenter=\"\">Daha fazla y\u00fckle<\/button><\/div><div class=\"gem-button-separator-holder\"><div class=\"gem-button-separator-line\" style=\"border-color: #dfe5e8;\"><\/div><\/div><\/div><\/div> <\/div> <\/div> <\/div><!-- .full-width --> <\/div><!-- .portfolio--> <\/div><!-- .portfolio-preloader-wrapper--><div class=\"clearboth\"><\/div><style>#thegem-divider-69ddb493cf426 {margin-top: 130px !important;}<\/style><div id=\"thegem-divider-69ddb493cf426\" class=\"gem-divider  \" style=\"\" ><\/div>[\/vc_column][\/vc_row]<\/p>\n<\/div>","protected":false},"excerpt":{"rendered":"<p>[vc_row][vc_column][\/vc_column][\/vc_row]<\/p>\n","protected":false},"author":1,"featured_media":0,"parent":24924,"menu_order":0,"comment_status":"closed","ping_status":"closed","template":"","meta":{"footnotes":""},"class_list":["post-24452","page","type-page","status-publish"],"_links":{"self":[{"href":"https:\/\/www.birlikis.com\/index.php\/wp-json\/wp\/v2\/pages\/24452","targetHints":{"allow":["GET"]}}],"collection":[{"href":"https:\/\/www.birlikis.com\/index.php\/wp-json\/wp\/v2\/pages"}],"about":[{"href":"https:\/\/www.birlikis.com\/index.php\/wp-json\/wp\/v2\/types\/page"}],"author":[{"embeddable":true,"href":"https:\/\/www.birlikis.com\/index.php\/wp-json\/wp\/v2\/users\/1"}],"replies":[{"embeddable":true,"href":"https:\/\/www.birlikis.com\/index.php\/wp-json\/wp\/v2\/comments?post=24452"}],"version-history":[{"count":16,"href":"https:\/\/www.birlikis.com\/index.php\/wp-json\/wp\/v2\/pages\/24452\/revisions"}],"predecessor-version":[{"id":25269,"href":"https:\/\/www.birlikis.com\/index.php\/wp-json\/wp\/v2\/pages\/24452\/revisions\/25269"}],"up":[{"embeddable":true,"href":"https:\/\/www.birlikis.com\/index.php\/wp-json\/wp\/v2\/pages\/24924"}],"wp:attachment":[{"href":"https:\/\/www.birlikis.com\/index.php\/wp-json\/wp\/v2\/media?parent=24452"}],"curies":[{"name":"wp","href":"https:\/\/api.w.org\/{rel}","templated":true}]}}